-h**3/3 - 6*h**2 + h + 4. Calculate the remainder when 71 is divided by w(-6).
34
Suppose -2*b + 132 = -2*d, -85 = -b - d - 11. Suppose n - 5 - 31 = 0. What is the remainder when b is divided by n?
34
Suppose -19*z = -74 + 36. Calculate the remainder when 111 is divided by z.
1
Suppose -2*s = -2*i - 34, 4*s = 46*i - 49*i + 54. What is the remainder when 23 is divided by s?
8
Suppose 4*o - 103 = 2669. Calculate the remainder when (2 - 0)*o/42 is divided by 7.
5
Let x = -326 - -389. What is the remainder when 83 is divided by x?
20
Suppose a - 2*a + 4*s + 33 = 0, -5*a - s = -81. What is the remainder when a is divided by 3?
2
Suppose -2*f = i - 297, 5*f + i - 745 = -i. Calculate the remainder when f is divided by 20.
11
Suppose -3*q = 3*q + 660. Calculate the remainder when 19 is divided by 2/(-5) - (q/25 + -1).
4
Suppose 3*x + 58 = 4*x. Let y = -19 + x. What is the remainder when 154 is divided by y?
37
Suppose 0 = 4*v - 2*x + 8, 0*x - 16 = 4*v + 2*x. Let w = v - -26. What is the remainder when 45 is divided by w?
22
Calculate the remainder when (-797 - -1)*(-3)/6 is divided by 7.
6
Suppose -803 - 427 = -82*l. What is the remainder when 142 is divided by l?
7
Let s be (-2512)/(-20) - (-8)/20. Let m be (s/(-105))/((-6)/80). Let h = m - 8. What is the remainder when h is divided by 3?
2
Let p = 1370 + -1352. What is the remainder when 302 is divided by p?
14
Let b = -1 + 15. Let d = 19 - b. Suppose -2*p - 3*i = -107, 0 = -5*p - d*i - 90 + 355. What is the remainder when p is divided by 11?
8
Let i = 239 - 222. Let f(l) = -3*l + 3*l**3 - 4*l**2 - l**2 + 2*l**2 + 3. Calculate the remainder when f(3) is divided by i.
14
Let j = -15 + 13. Suppose -2*p + 13 = 1. Calculate the remainder when j - (-1)/((-12)/(-15))*20 is divided by p.
5
Suppose -2*d - 3*h + 9 = -0, 5*d = -h + 29. What is the remainder when 3/(-15) - (-262)/10 is divided by 88/d - 2/3?
12
Suppose -15*v - 32 = -19*v. Calculate the remainder when 47 is divided by v.
7
Let i(v) = -v**3 - 3*v + 1309. Let b be i(0). What is the remainder when (10/4)/(1/10) is divided by b/99 + 4/(-18)?
12
Suppose 73 = 2*x + 15. Let b = 134 + -79. What is the remainder when b is divided by x?
26
Let w = 9 - 4. Let q(t) = -t**3 + 4*t**2 + 6*t + 3. Let d be q(w). What is the remainder when 38 is divided by ((-12)/d)/(3/(-20))?
8
Let m = 65 + -43. Let j = 23 + -6. Suppose c + d = j, c - m = 4*d - 0*d. Calculate the remainder when c is divided by 6.
0
Suppose 0 = 20*c + 27*c - 1269. Let g = 14 - 9. What is the remainder when c is divided by g?
2
Suppose 0 = -4*k + 4*w + 248, w + 69 = 2*k - 53. Suppose -2*l - 69 = -5*y + 36, -4*y + 4*l = -84. Calculate the remainder when k is divided by y.
18
Let b be (-12)/((-9)/(-12) - 0). Let m = -11 - b. Let z(s) = 32*s + 236. What is the remainder when z(-7) is divided by m?
2
Let w(z) = 15*z + 43. Let s(b) = 5*b + 14. Let d(c) = 17*s(c) - 6*w(c). Suppose -6*g = -2*g - 44. Calculate the remainder when d(-10) is divided by g.
8
Suppose -92*g = -o - 89*g + 35, 0 = -o - 3*g + 59. Calculate the remainder when 109 is divided by o.
15
Let f(m) be the second derivative of m**4/12 + m**3/6 + 4*m**2 - 21*m. Calculate the remainder when f(3) is divided by 8.
4
Suppose 0 = 9*s - 572 - 202. Calculate the remainder when s is divided by 2*12 + (0 - 2).
20
Suppose 0 = 5*r - 9 - 6, 40 = 2*w + 2*r. Suppose 0 = -3*i - 2*q + 25, 17 = 3*i - 5*q + 27. What is the remainder when w is divided by i?
2
Let o be 145/10*(1 + -5). Let b = 19 + o. What is the remainder when 980/52 + (-6)/b is divided by 10?
9
Let w(j) = -j**2 + 175*j - 3592. Suppose 338 = 5*h + 33. Calculate the remainder when h is divided by w(151).
29
Let y(u) = -u + 6. Let z be (-16)/(-6) + 1/3. Let c be y(z). Suppose -c*x - 2*x + 65 = 0. What is the remainder when 63 is divided by x?
11
Let s(i) = 16*i - 50. Calculate the remainder when 113 is divided by s(6).
21
Let x(v) = 2*v - 1. Suppose -4*h - 49 = -2*k - 5*h, 2*h - 54 = -2*k. Calculate the remainder when k*(-5)/((-20)/6) is divided by x(5).
6
Suppose -17*r + 427 + 678 = 0. What is the remainder when r is divided by 11?
10
Suppose -a - 5 = -4*r - 108, 4*a = 3*r + 360. What is the remainder when a is divided by 18?
15
Suppose -39 + 255 = 3*u - 4*o, -4*o = 4*u - 316. Calculate the remainder when u is divided by (-1*(-2)/(-6))/((-89)/4272).
12
Let b(d) = d**2 - 9*d + 10. Let i be b(8). Suppose 3*q - 5 = -i. Suppose -k = -21 - q. Calculate the remainder when k is divided by 12.
10
Suppose 4*a - 128 = -2*r, 0*r + 4*r = 4*a + 244. Suppose 5*c + 107 = 5*b + 4*c, -4*c - 8 = 0. Calculate the remainder when r is divided by b.
20
Suppose 12*j + 58 - 430 = 0. What is the remainder when j is divided by 7?
3
Suppose 2*t - 2*n + 54 = -56, 2*t + 4*n + 116 = 0. Let o = -30 - t. What is the remainder when o is divided by 7?
5
Let o(l) = 2*l**2 + 3. What is the remainder when o(5) is divided by (-1740)/(-200) + (36/(-40))/(-3)?
8
Let u(o) = 2*o**2 - 3*o + 2. Let p be u(8). Suppose -p = -3*n - 40. Let k(m) = -m**3 + 9*m**2 - 1. What is the remainder when k(8) is divided by n?
19
Suppose -2*f + 7*f + 5*q = 75, f - q = 5. Suppose 3*n - 12 = -3. Suppose n*u = -w + 16 + 7, -4*w + 60 = -4*u. Calculate the remainder when w is divided by f.
7
Let v(u) = u**3 + u. Let r(b) = 3*b**3 + 3*b**2 + 5*b + 3. Let h(a) = r(a) - 4*v(a). Calculate the remainder when 15 is divided by h(3).
3
Suppose -22 - 45 = -3*o - g, 3*o + 5*g - 47 = 0. What is the remainder when (0 + (-156)/14)/(o/(-168)) is divided by 20?
18
Let d(n) = -n**3 - 5*n**2 + n - 1. Let w(f) = -f**3 - 4*f**2 + f. Let c(v) = -3*d(v) + 4*w(v). Calculate the remainder when 49 is divided by c(-2).
4
Let z = 19 + -15. Suppose -2*j + 101 = -5*d, -3*j + d = -z*d - 144. Let s = -6 + 28. What is the remainder when j is divided by s?
21
Suppose 0 = 5*p + r - 366, r + 218 = 3*p + 2*r. What is the remainder when p is divided by (2/(-8))/(36/(-3600))?
24
Let j = 970 - 837. Calculate the remainder when j is divided by 27.
25
Let r(x) = x + 9. Suppose 3*l + 15 = l - 3*i, -12 = 5*l - i. Calculate the remainder when 3*(7/1 - 0) is divided by r(l).
3
Suppose -133 = -7*h - 0*h. Suppose z - 140 - h = -3*w, -2*w + 2*z = -114. What is the remainder when w is divided by 34?
20
Let b be ((-2)/2)/((-2)/(-32)). Let p = b + 12. Calculate the remainder when 17 is divided by 15*p/(-24)*4.
7
Let p be (-28)/(-14) - -2*31. Suppose -67 + 11 = -3*y + 5*f, 4*y = -4*f + p. Calculate the remainder when 33 is divided by y.
16
What is the remainder when 71 is divided by (-84 - -85)*3*11?
5
Suppose -3*u - 2*u = -40. Suppose 351 = 114*x - 1077 - 54. Calculate the remainder when x is divided by u.
5
Let y(n) = n**2 - 13*n + 48. Let j = 2 - 0. Suppose 15 = j*u - u. What is the remainder when u is divided by y(7)?
3
Suppose -3*i - 1 - 8 = 0. What is the remainder when 41 is divided by (-2 + i)/(-5) - -5?
5
Suppose -444*d + 449*d = 1625. Calculate the remainder when d is divided by 77.
17
Let i(q) = 12*q + 91. What is the remainder when i(2) is divided by 32?
19
Let n(h) = -2*h**2 - 31*h + 1. Suppose 5*w = 4*g + 363, -5*g + 3*w - w - 441 = 0. Let j = -51 - g. Calculate the remainder when n(-5) is divided by j.
34
Let x be 1*0/(4/2). Suppose x = 5*d - 6*d + 8. Calculate the remainder when (-1 - 1) + 30 + 1 is divided by d.
5
Let t = -113 + 349. What is the remainder when t is divided by 14?
12
Let c(z) be the second derivative of z**4/6 + 11*z**3/6 + z**2/2 + z. Let g be 8/(20/(-4) + 4). Calculate the remainder when c(g) is divided by 11.
8
Let i(n) = n**3 + 8*n**2 + 9*n - 3. Let f(m) = m**2 - 6. Let c be f(0). What is the remainder when 72 is divided by i(c)?
12
Suppose 2*q = 3*j - 110, -2*q + 4*q + 146 = 4*j. Let h = -117 - -127. Calculate the remainder when j is divided by h.
6
Suppose 4*r - 2*r - 750 = 5*n, 0 = -4*n - r - 587. Calculate the remainder when (-8)/(8/(-4)) - n is divided by 17.
16
Let t(l) = -l**2 - 2*l + 19. Suppose 6 = p - x, -4*p = -x - 53 + 14. Calculate the remainder when t(0) is divided by p.
8
Suppose -4*j + 3*z + 113 = 2*z, 0 = -4*j - 3*z + 109. Let x = 62 - j. Calculate the remainder when 67 is divided by x.
33
Let n(g) = g**3 - 12*g**2 - 12*g + 30. Calculate the remainder when n(13) is divided by 22.
21
Let t = -232 + 235. Let k be 2/(((-8)/(-6))/2). Let p(c) = -c + 4.